 is -11101101100000010110110 + -100?
-11101101100000010111010
In base 13, what is -197c63 - 16?
-197c79
In base 5, what is 30333 - -140133?
221021
In base 12, what is 265 - -37b0a3?
37b348
In base 4, what is 1103032 + 122320?
1232012
In base 12, what is 139b - 68050?
-66871
In base 11, what is -9608336 - 5?
-9608340
In base 7, what is 556 + -162212?
-161323
In base 14, what is 43b + a32d6?
a3733
In base 2, what is 100 - 1100010000010000101011?
-1100010000010000100111
In base 6, what is 34133 + 1245000?
1323133
In base 6, what is 513320 + -5253?
504023
In base 9, what is -66607 + 6885?
-58612
In base 9, what is -31861 - -12646?
-18214
In base 13, what is 1bc59 + -9c?
1bb8a
In base 5, what is -1 - -11414233040?
11414233034
In base 16, what is 6 - -2a64?
2a6a
In base 7, what is -254052 + -104?
-254156
In base 11, what is 1049712 - -112?
1049824
In base 15, what is -4 - 386c74b?
-386c750
In base 10, what is 34922 - 270?
34652
In base 13, what is 144c9 + -103?
143c6
In base 14, what is -46d785 + 4?
-46d781
In base 16, what is -2c60c2 + -f?
-2c60d1
In base 3, what is -2 + -10200212201021001?
-10200212201021010
In base 9, what is 150 + 3730804?
3731054
In base 8, what is -1714562555 + 5?
-1714562550
In base 15, what is -b06 + e4be?
d8b8
In base 2, what is -10110100000 + 100100100?
-10001111100
In base 14, what is -9022c - 97?
-902c5
In base 11, what is 4 - -a258743?
a258747
In base 14, what is 234c7a + 20?
234c9a
In base 14, what is 30462 + 1d?
30481
In base 6, what is -1023042 + 1153?
-1021445
In base 10, what is -355401 + 420?
-354981
In base 10, what is 244 + 74209?
74453
In base 16, what is -1 + -37038f6?
-37038f7
In base 12, what is -1085801b - -2?
-10858019
In base 9, what is 11343 - 1236?
10106
In base 9, what is -3253 + -15508?
-18762
In base 4, what is -10033211313 - 200?
-10033212113
In base 6, what is -5333 + 4005043?
3555310
In base 7, what is 2 + 344544552?
344544554
In base 8, what is -437505 - 12?
-437517
In base 14, what is -127 + 13b8c2?
13b799
In base 14, what is -606 + 18955?
1834d
In base 2, what is 111101011 - 101100101001000000?
-101100100001010101
In base 12, what is 1679090a - 6?
16790904
In base 14, what is -13d + -5a31a1?
-5a3300
In base 14, what is -4 + -1c84d7d?
-1c84d83
In base 16, what is 6 + 641158?
64115e
In base 4, what is 133330301310 + -2?
133330301302
In base 11, what is -3301661 - -10?
-3301651
In base 12, what is 6935a + 77?
69415
In base 16, what is 1166a - 2d?
1163d
In base 8, what is 1342 - -2044610?
2046152
In base 3, what is 1002200 + -1212101001000?
-1212022221100
In base 10, what is 39122 + -1116?
38006
In base 16, what is -1 - -3ab10a1?
3ab10a0
In base 9, what is 115 + -4764?
-4648
In base 4, what is -31 - -211111022?
211110331
In base 4, what is 13 + 1033312333230?
1033312333303
In base 3, what is 2 - 10212020122100001?
-10212020122022222
In base 9, what is 10830 - 358?
10461
In base 11, what is -10477691 + 27?
-10477665
In base 13, what is 2 - 3051630?
-305162b
In base 11, what is -19372831 - 1?
-19372832
In base 4, what is 3012330111011 - 11?
3012330111000
In base 8, what is -65 + -70131?
-70216
In base 10, what is 74947 + -672?
74275
In base 6, what is 10522115004 + -2?
10522115002
In base 12, what is 455 + -18b6?
-1461
In base 7, what is -6121101431 + -2?
-6121101433
In base 8, what is 270572213 + -4?
270572207
In base 16, what is b6d81 - 7?
b6d7a
In base 13, what is b830327 + -3?
b830324
In base 3, what is -10020220122202102 + -101?
-10020220122202210
In base 3, what is -112 + -11222020211111?
-11222020212000
In base 14, what is 2 - -355b48?
355b4a
In base 13, what is -7 + 904224?
90421a
In base 10, what is 4 + 5045887?
5045891
In base 9, what is -6 - 33363423?
-33363430
In base 10, what is -214 + 123463?
123249
In base 15, what is -25 + -12b0680?
-12b06a5
In base 7, what is -30305530 + 2?
-30305525
In base 6, what is -443103 - 3443?
-450550
In base 3, what is -211200 + 111011021?
110022121
In base 8, what is 143 + 151306?
151451
In base 2, what is -1000110001101 - -1000101001?
-111101100100
In base 16, what is -13 + 1e603d?
1e602a
In base 10, what is 12707059 - -4?
12707063
In base 2, what is 1 + -1011111011011000010001111?
-1011111011011000010001110
In base 10, what is 2358 + 1815?
4173
In base 16, what is 15088c - 19?
150873
In base 15, what is -18 - 1163d7?
-116400
In base 8, what is -26 - -10501266?
10501240
In base 15, what is 267ce4 - d?
267cd6
In base 5, what is 100323301 - -1220?
100330021
In base 7, what is -404522251 + 3?
-404522245
In base 8, what is 6213257 - 65?
6213172
In base 13, what is -23c14b + 261?
-23bbba
In base 3, what is -21202210 - -10001000?
-11201210
In base 10, what is -1019 - -83408?
82389
In base 12, what is 623a1a + -4?
623a16
In base 10, what is 5590032 + -4?
5590028
In base 7, what is -5 - -2532550500?
2532550462
In base 12, what is -40a3b477 - 4?
-40a3b47b
In base 5, what is 12303100 - -11044?
12314144
In base 5, what is 10033 - 3100?
1433
In base 13, what is 3426 + 14a51?
18177
In base 12, what is 1913 + -11757?
-ba44
In base 16, what is 18 - fdc3d5?
-fdc3bd
In base 8, what is -7100177 - -7?
-7100170
In base 13, what is 119 + -18447?
-1832b
In base 10, what is -827528 - -3?
-827525
In base 7, what is -663 - 56561?
-60554
In base 14, what is -a - -648066?
64805a
In base 12, what is -5499 + 5504?
27
In base 10, what is 9892555 + -2?
9892553
In base 4, what is -33 + -3232010013?
-3232010112
In base 13, what is -1c - 1448976?
-1448995
In base 5, what is -1321134100 - 213?
-1321134313
In base 8, what is -240 - 150657?
-151117
In base 9, what is -40555 - -34?
-40521
In base 15, what is -8 - 1283829?
-1283832
In base 4, what is 2021010230001 + 10?
2021010230011
In base 3, what is -11102 - -12100220212?
12100202110
In base 9, what is 56735 + 3073?
60818
In base 14, what is -2 - 18a2bc1?
-18a2bc3
In base 6, what is 320334 - -24202?
344540
In base 9, what is -31 - 1225464?
-1225505
In base 16, what is 3c + 837a5c?
837a98
In base 11, what is 45608 + 198?
457a5
In base 7, what is -6663011 + -155?
-6663166
In base 11, what is -aa + 53a2?
52a3
In base 15, what is 4d - -1e48?
1e96
In base 2, what is 11010111 + 10000101001010011011?
10000101001101110010
In base 12, what is 14b118 - 143?
14ab95
In base 3, what is -21020111202010101 + -2?
-21020111202010110
In base 6, what is 142125 + 3530?
150055
In base 12, what is -229ba48 - 3b?
-229ba87
In base 2, what is 100100110000000000 + -10001101?
100100101101110011
In base 15, what is -1917 + -5506d?
-56985
In base 9, what is 12227406 - 2?
12227404
In base 15, what is -b06 + 266eb?
25ae5
In base 3, what is 1020101221101100 + 12?
1020101221101112
In base 6, what is 210051310 + 5?
210051315
In base 2, what is -1000 + 11010100100010001?
11010100100001001
In base 6, what is 11 - -44111510?
44111521
In base 11, what is 3 + -977064?
-977061
In base 9, what is 5 + -161007314?
-161007308
In base 10, what is -24502 + 3632?
-20870
In base 14, what is 4 - 4442c22?
-4442c1c
In base 5, what is -112 - -232411023?
232410411
In base 13, what is -80b + -999b?
-a4a9
In base 13, what is -c - -815705?
8156c6
In base 9, what is -14426 - -372?
-14044
In base 3, what is 10112 + -2022102201?
-2022022012
In base 5, what is 4 - -32014123013?
32014123022
In base 9, what is -53 + 1783685?
1783632
In base 12, what is -32271 + -12?
-32283
In base 10, what is 6 + 4984314?
4984320
In base 12, what is -4 + -2316093?
-2316097
In base 11, what is -10426790 - -2?
-10426789
In base 10, what is -365439 - -224?
-365215
In base 13, what is -8 + -b266022?
-b26602a
In base 7, what is -615006 - 524?
-615533
In base 4, what is -3 - 1001300210322?
-1001300210331
In base 16, what is 2b8ced4 - -2?
2b8ced6
In base 12, what is -206a6631 + -2?
-206a6633
In base 11, what is -36416a3 + 4?
-364169a
In base 16, what is -2cb2 + -305?
-2fb7
In base 3, what is 120101021200202 + 11011?
120101021211220
In base 5, what is -143 - 20021404?
-20022102
In base 3, what is 20 + -20120102120202?
-20120102120112
In base 12, what is 0 + -428132?
-428132
In base 12, what is -1 + -b55123?
-b55124
In base 2, what is -101001001111101101101001000 - 100?
-101001001111101101101001100
In base 5, what is 14200 - -1001402?
1021102
In base 3, what is -10 + -2012022011112?
-2012022011122
In base 3, what is -2 - 2